and q?
14
Let y = 1100 + 574. What is the highest common divisor of y and 62?
62
Let m = 2525 - 1871. Calculate the highest common factor of 18 and m.
6
Let i = -512 + 872. Calculate the highest common factor of i and 40.
40
Let p(a) = a**3 - 4*a**2 + 9*a - 3. Let o be p(5). Let n(q) = 5*q**2 - q - 1. Let x be n(3). Let l = o - x. Calculate the highest common divisor of 104 and l.
26
Let a be (25/75)/(2/30). What is the greatest common factor of a and 75?
5
Let n be 2 + 2/((-4)/(-2)). Let y be 0/(3 - 4) + 3. Suppose n*h = 6*h - y. Calculate the greatest common factor of h and 2.
1
Suppose -2*f = -30 - 100. What is the highest common divisor of 715 and f?
65
Let a(l) = -l**3 + 13*l**2 + 21*l + 12. Let x be a(-7). What is the greatest common factor of 65 and x?
65
Let x = -460 - -488. Calculate the highest common factor of x and 364.
28
Let f be ((-216)/126)/(6/(-357)). What is the greatest common factor of f and 255?
51
Suppose -2*k + 517 - 57 = 0. What is the greatest common divisor of k and 184?
46
Let p be (6 - -70) + 2*2/(-4). What is the greatest common factor of 150 and p?
75
Let o(m) = m**3 - 8*m**2 + 7*m + 3. Let l be o(9). What is the highest common divisor of 63 and l?
21
Let g = 28 + -14. Suppose -4*z - 3*c + 277 = 0, -13 + 17 = -4*c. What is the greatest common factor of z and g?
14
Let o = 42 - 16. Let b be (-10 - -7)/((-2)/o). Let c = b + -23. Calculate the highest common factor of 16 and c.
16
Suppose -267*n = -268*n + 171. Calculate the highest common factor of 9 and n.
9
Let h(t) = 3*t**2 - 11*t + 4. Suppose 3*s + 5*f - 29 = 0, -4*f + 36 = s + 3*s. Let n be h(s). What is the greatest common divisor of 9 and n?
9
Suppose 4 = 4*x - 4. Suppose 0 = -c + x*c + 2*n - 114, 0 = c - 2*n - 126. Calculate the highest common factor of 30 and c.
30
Let q(c) = -2*c**2 - 12*c. Suppose 0*t = -2*t - 20. Let f(a) = a**2 + 11*a + 5. Let w be f(t). Let s be q(w). What is the highest common factor of s and 50?
10
Suppose -7*d + 1 = -13. Suppose j = t - d*t + 11, t - 4*j = 31. Calculate the greatest common divisor of 105 and t.
15
Suppose 0 = -4*p + 2*n + 1118, -18*p + 15*p + 3*n = -837. Calculate the greatest common factor of p and 42.
14
Suppose -3*l - 8 = 4*a, -5*a + 2*l + 10 = -3. Let p be a*((9 - -1) + -4). What is the highest common divisor of 2 and p?
2
Suppose 8*r + 25 = 161. Let p be 17 - 0*3/(-12). What is the greatest common divisor of p and r?
17
Let c be (-2)/(-4)*(9 - 3)*3. Suppose 77 = c*z - 67. Calculate the highest common divisor of z and 2.
2
Let i(t) = t**2 + 11*t - 106. Let r be i(8). Calculate the greatest common factor of r and 598.
46
Let x = -13 + 15. Let w(d) = 6*d**2 + 8*d + 16*d**3 + 3 - 17*d**3 + 0*d**x. Let m be w(6). Calculate the highest common divisor of m and 34.
17
Suppose 0 = 3*j - 7*l + 2*l - 19, -4*l = -4. What is the highest common factor of j and 32?
8
Suppose 1023*d - 1030*d + 168 = 0. Calculate the highest common divisor of 198 and d.
6
Suppose 0 = -4*u + 2*n + 26, 0*n - 3 = -3*u - 4*n. Suppose 3*m = -u*q + 5 + 43, 5*q = -2*m + 47. Calculate the greatest common factor of 15 and q.
3
Suppose 2*i - 2*q - 121 = 87, -4*q = 3*i - 298. What is the highest common divisor of i and 12?
6
Suppose -5*j + 3*w = -5, -w - 5 = j - 6. Let z be -5 + 1 + 15 + j + 1. Calculate the highest common divisor of z and 117.
13
Let h be 10 + -2 - (3 + -1). Suppose -2*j = -0*j - h. Suppose -92 = -7*c + j*c. Calculate the highest common divisor of c and 161.
23
Let m = -117 + 133. What is the greatest common factor of 4 and m?
4
Let f be (-153)/(-34)*(0 - -48). Calculate the highest common divisor of f and 27.
27
Suppose 23*h - 666 = -206. What is the greatest common factor of 740 and h?
20
Let h = -742 - -885. Calculate the greatest common divisor of h and 13.
13
Let n = -34 + 53. Let h(p) = -p**3 + 30*p - 29*p + 19*p**2 + 4 - 21. Let t be h(n). Calculate the highest common factor of 14 and t.
2
Let n(x) = -4*x**2 + 2*x - 3. Let z be n(2). Let y be z/4*(-32)/(-12). Let u(w) = w + 12. Let g be u(y). What is the greatest common factor of 10 and g?
2
Suppose -5*n + 1975 = -5*j, -2*n - 2*j = -n - 410. Calculate the highest common factor of 25 and n.
25
Suppose 0 = 1542*c - 1555*c + 338. Calculate the highest common factor of 169 and c.
13
Let l(a) = -a**2 - 20*a - 83. Let t be l(-13). What is the greatest common factor of t and 18?
2
Let i be -11 + 847/33 - (-8)/6. Calculate the highest common factor of 14 and i.
2
Suppose -4*z + 4*f = -300, -3*z + 2*f - 250 = -6*z. Let v(d) = d**3 - 36*d**2 - 74*d - 44. Let i be v(38). What is the highest common divisor of i and z?
16
Suppose -2*z - 210 = -28*b + 25*b, -15 = -5*z. Calculate the greatest common divisor of b and 300.
12
Let m(l) = l**3 + 10*l**2 + 2*l. Let g be m(-4). Let r(b) = 20*b - 7 - 29*b + b**2 - 2*b**2 + 0. Let w be r(-3). What is the greatest common divisor of w and g?
11
Suppose 3*p - 158 = 1. Calculate the highest common divisor of 583 and p.
53
Let p be 129/9 - -2 - (-22)/(-66). What is the highest common divisor of 4 and p?
4
Let p = -105 - -93. Let v be (-4)/((-1)/(p/(-8))). Suppose 10 + 2 = -4*h, q - 18 = 4*h. What is the greatest common divisor of v and q?
6
Suppose -5*m = 5*f - 9*m - 1050, -4*f = m - 819. Let s = f - 155. What is the greatest common divisor of s and 459?
51
Let v be (12/10)/((-24)/(-660)). Suppose g - 27 = -g + 5*h, 5*g - v = h. Calculate the highest common divisor of 4 and g.
2
Suppose 4*k - 4 = -12. Let t be (-25)/(-1) - (1 - k). What is the highest common divisor of t and 132?
22
Let d(n) = -2*n - 8. Suppose 22*r - 15*r = -42. Let l be d(r). Suppose 4*w - 10 = 6. Calculate the greatest common factor of w and l.
4
Suppose -4*s = 4*w - 28, s - w = 4*w - 5. Calculate the greatest common factor of s and 20.
5
Let x(y) = 3*y + 2. Let p be x(7). What is the highest common divisor of p and 437?
23
Suppose 2*s = 5*k + 445, 440 = -11*s + 13*s - 4*k. Let n be 28/1 - (-8)/4. Calculate the highest common factor of s and n.
30
Suppose 18*b - b - 136 = 0. Let h(f) = 2*f - 28 + 2*f + f. Let t be h(b). What is the highest common divisor of 48 and t?
12
Let n = -671 + 691. What is the highest common factor of n and 108?
4
Let p(q) = 107*q**3 - 25*q**2 + 24*q + 2. Let i be p(1). What is the highest common factor of 96 and i?
12
Let r be ((-50)/(-15))/(2/3). Suppose 25 = -r*g + 6*g. What is the greatest common divisor of 125 and g?
25
Let k(l) = -148*l - 304. Let x be k(-3). What is the highest common divisor of 60 and x?
20
Let t(k) = 3*k + 15*k - 7 - 11 + 0. Let p be t(9). Let i be -1*(-1)/(-2)*-36. What is the highest common factor of p and i?
18
Suppose -9 = -4*o - 1, -4*s - 2*o + 2468 = 0. What is the greatest common factor of 77 and s?
77
Let u = -1007 + 1121. Calculate the highest common divisor of 494 and u.
38
Let x(q) = -q**3 - 15*q**2 - 2*q - 18. Let s be x(-15). Let f(w) = 9*w**2 + 10*w - 3. Let o be f(3). What is the highest common divisor of o and s?
12
Let t be 0 - (70/(-1))/2. Suppose -410 = 4*h - 9*h. Let b be h/12 - (-6)/36. Calculate the highest common divisor of t and b.
7
Let o = 69 + -27. Suppose 357 = 2*a + 3*p, -2*a - 2*p + o + 310 = 0. Suppose 5*t = -1 + a. What is the highest common factor of 51 and t?
17
Let o(u) = u**3 - 4*u**2 - 3*u + 4. Let m be o(4). Let t(s) = -21*s + 2. Let p be t(m). Calculate the highest common factor of 17 and p.
17
Let c(f) = -31*f - 269. Let n be c(-15). What is the greatest common factor of n and 28?
28
Suppose 4*a - 3*d - 918 = 0, 12*d - 9*d = -5*a + 1161. Calculate the highest common divisor of 99 and a.
33
Suppose -13*r = -14*r + 68. Let x = r + 82. Let h be 1/(-4) - (-242)/8. Calculate the highest common divisor of x and h.
30
Suppose 13200 = 63*n - 30*n. What is the highest common factor of 700 and n?
100
Suppose 3*j + 13*j = 12096. Calculate the highest common divisor of 28 and j.
28
Suppose 0 = 2*j - 2*u - 2248, 3*u + 3 = -6. Let t be j/3 + (-2)/(-6). Calculate the greatest common factor of 34 and t.
34
Let k(c) = -c**3 + 7*c**2 - 4*c - 9. Let r be k(4). Suppose 5*x - 110 = -0*x + g, -5*g + 117 = 4*x. Calculate the highest common factor of r and x.
23
Let p = -83 + 89. Let i(b) = 2*b**2 - 9*b + 15. Let l be i(p). Calculate the greatest common factor of l and 66.
33
Let z be (-2)/3 - 28/(-6). Let m be (2/z)/